{"id":320,"date":"2026-01-10T14:39:32","date_gmt":"2026-01-10T14:39:32","guid":{"rendered":"https:\/\/macellule.fr\/?post_type=product&#038;p=320"},"modified":"2026-03-09T10:34:06","modified_gmt":"2026-03-09T10:34:06","slug":"couvercle-astrapool-compatible","status":"publish","type":"product","link":"https:\/\/macellule.fr\/index.php\/product\/couvercle-astrapool-compatible\/","title":{"rendered":"Couvercle AstraPool (Compatible)"},"content":{"rendered":"<ul>\n<li>\n<div id=\"description\">\n<h2>Couvercle AstraPool (Compatible) pour Vase Electrolyseur Sel Clear Astralpool 4408060122<\/h2>\n<ul>\n<li>Couvercle AstraPool (Compatible)<\/li>\n<li>Couvercle Hivernage<\/li>\n<li>Mati\u00e8re : ABS (Impression 3D)<\/li>\n<li>Diam\u00e8tre int\u00e9rieur: 67 mm<\/li>\n<li>Diam\u00e8tre couvercle: 88 mm<\/li>\n<\/ul>\n<h3><strong>Ce couvercle <\/strong>Astralpool 4408060122<strong>\u00a0pour \u00e9lectrolyseur est utilis\u00e9 sur le mat\u00e9riel ci-dessous :<\/strong><\/h3>\n<\/div>\n<div>\n<div id=\"relatedexplodedview\" class=\"tab-pane fade in js-product-tab-active active\">\n<div class=\"related_explodedview\"><\/div>\n<div>\n<ul>\n<li>Cellule d&rsquo;electrolyseur SEL PURE<\/li>\n<li>Electrolyseur SEL CLEAR<\/li>\n<li>Electrolyseur SEL PURE<\/li>\n<li>Electrolyseur ASTRAL SEL BASIC<\/li>\n<li>Electrolyseur SEL PURE<\/li>\n<li>Electrolyseur ENERGY SEL<\/li>\n<li>Electrolyseur SEL WATCH PLATINIUM<\/li>\n<li>Electrolyseur BERING SEL<\/li>\n<li>Electrolyseur SEL BASIC<\/li>\n<li>Electrolyseur EASY WATER<\/li>\n<\/ul>\n<h3>R\u00e9f\u00e9rence constructeur : AST-4408060122<\/h3>\n<\/div>\n<\/div>\n<\/div>\n<\/li>\n<\/ul>\n","protected":false},"excerpt":{"rendered":"<ul>\n<li>Couvercle AstraPool (Compatible)<\/li>\n<li>Couvercle Hivernage<\/li>\n<li>Mati\u00e8re : ABS (Impression 3D)<\/li>\n<li>Diam\u00e8tre int\u00e9rieur: 67 mm<\/li>\n<li>Diam\u00e8tre couvercle: 88 mm<\/li>\n<\/ul>\n","protected":false},"featured_media":325,"template":"","meta":{"site-sidebar-layout":"default","site-content-layout":"","ast-site-content-layout":"default","site-content-style":"default","site-sidebar-style":"default","ast-global-header-display":"","ast-banner-title-visibility":"","ast-main-header-display":"","ast-hfb-above-header-display":"","ast-hfb-below-header-display":"","ast-hfb-mobile-header-display":"","site-post-title":"","ast-breadcrumbs-content":"","ast-featured-img":"","footer-sml-layout":"","ast-disable-related-posts":"","theme-transparent-header-meta":"default","adv-header-id-meta":"","stick-header-meta":"","header-above-stick-meta":"","header-main-stick-meta":"","header-below-stick-meta":"","astra-migrate-meta-layouts":"set","ast-page-background-enabled":"default","ast-page-background-meta":{"desktop":{"background-color":"var(--ast-global-color-5)","background-image":"","background-repeat":"repeat","background-position":"center center","background-size":"auto","background-attachment":"scroll","background-type":"","background-media":"","overlay-type":"","overlay-color":"","overlay-opacity":"","overlay-gradient":""},"tablet":{"background-color":"","background-image":"","background-repeat":"repeat","background-position":"center center","background-size":"auto","background-attachment":"scroll","background-type":"","background-media":"","overlay-type":"","overlay-color":"","overlay-opacity":"","overlay-gradient":""},"mobile":{"background-color":"","background-image":"","background-repeat":"repeat","background-position":"center center","background-size":"auto","background-attachment":"scroll","background-type":"","background-media":"","overlay-type":"","overlay-color":"","overlay-opacity":"","overlay-gradient":""}},"ast-content-background-meta":{"desktop":{"background-color":"var(--ast-global-color-4)","background-image":"","background-repeat":"repeat","background-position":"center center","background-size":"auto","background-attachment":"scroll","background-type":"","background-media":"","overlay-type":"","overlay-color":"","overlay-opacity":"","overlay-gradient":""},"tablet":{"background-color":"var(--ast-global-color-4)","background-image":"","background-repeat":"repeat","background-position":"center center","background-size":"auto","background-attachment":"scroll","background-type":"","background-media":"","overlay-type":"","overlay-color":"","overlay-opacity":"","overlay-gradient":""},"mobile":{"background-color":"var(--ast-global-color-4)","background-image":"","background-repeat":"repeat","background-position":"center center","background-size":"auto","background-attachment":"scroll","background-type":"","background-media":"","overlay-type":"","overlay-color":"","overlay-opacity":"","overlay-gradient":""}}},"product_brand":[],"product_cat":[26],"product_tag":[],"class_list":{"0":"post-320","1":"product","2":"type-product","3":"status-publish","4":"has-post-thumbnail","6":"product_cat-astrapool","7":"desktop-align-left","8":"tablet-align-left","9":"mobile-align-left","11":"first","12":"instock","13":"shipping-taxable","14":"purchasable","15":"product-type-simple"},"_links":{"self":[{"href":"https:\/\/macellule.fr\/index.php\/wp-json\/wp\/v2\/product\/320","targetHints":{"allow":["GET"]}}],"collection":[{"href":"https:\/\/macellule.fr\/index.php\/wp-json\/wp\/v2\/product"}],"about":[{"href":"https:\/\/macellule.fr\/index.php\/wp-json\/wp\/v2\/types\/product"}],"wp:featuredmedia":[{"embeddable":true,"href":"https:\/\/macellule.fr\/index.php\/wp-json\/wp\/v2\/media\/325"}],"wp:attachment":[{"href":"https:\/\/macellule.fr\/index.php\/wp-json\/wp\/v2\/media?parent=320"}],"wp:term":[{"taxonomy":"product_brand","embeddable":true,"href":"https:\/\/macellule.fr\/index.php\/wp-json\/wp\/v2\/product_brand?post=320"},{"taxonomy":"product_cat","embeddable":true,"href":"https:\/\/macellule.fr\/index.php\/wp-json\/wp\/v2\/product_cat?post=320"},{"taxonomy":"product_tag","embeddable":true,"href":"https:\/\/macellule.fr\/index.php\/wp-json\/wp\/v2\/product_tag?post=320"}],"curies":[{"name":"wp","href":"https:\/\/api.w.org\/{rel}","templated":true}]}}