{"id":1597,"date":"2026-03-18T15:14:07","date_gmt":"2026-03-18T15:14:07","guid":{"rendered":"https:\/\/macellule.fr\/?post_type=product&#038;p=1597"},"modified":"2026-03-18T20:48:14","modified_gmt":"2026-03-18T20:48:14","slug":"cellule-pour-electrolyseur-biopool-celb065-5-grilles-compatible","status":"publish","type":"product","link":"https:\/\/macellule.fr\/index.php\/product\/cellule-pour-electrolyseur-biopool-celb065-5-grilles-compatible\/","title":{"rendered":"Cellule pour \u00e9lectrolyseur BioPool CELB065 \u2013 5 grilles (compatible)"},"content":{"rendered":"<h3>Cellule pour \u00e9lectrolyseur BioPool\u00ae CELB065 \u2013 5 grilles (compatible)<\/h3>\n<ul>\n<li>Marque : BioPool\u00ae (compatible)<\/li>\n<li>Mod\u00e8le : CELB065<\/li>\n<li>Nombre de grille : 5<\/li>\n<li style=\"font-size: 16px;\">Dimensions des plaques : 170 x 40 mm<\/li>\n<li>Mati\u00e8re : Titane<\/li>\n<li>Rev\u00eatement : Ruth\u00e9nium \/ Iridium<\/li>\n<li>Cellule autonettoyante : oui<\/li>\n<li>Couvercle BioPool\u00ae (Compatible)<\/li>\n<li>Mati\u00e8re : ABS (Impression 3D)<\/li>\n<li>Etanch\u00e9it\u00e9 : R\u00e9sine<\/li>\n<\/ul>\n","protected":false},"excerpt":{"rendered":"<ul>\n<li>Marque : BioPool\u00ae (compatible)<\/li>\n<li>Mod\u00e8le : CELB065<\/li>\n<li>Nombre de grille : 5<\/li>\n<li style=\"font-size: 16px;\">Dimensions des plaques : 170 x 40 mm<\/li>\n<li>Mati\u00e8re : Titane<\/li>\n<li>Rev\u00eatement : Ruth\u00e9nium \/ Iridium<\/li>\n<li>Cellule autonettoyante : oui<\/li>\n<li>Couvercle BioPool\u00ae (Compatible)<\/li>\n<li>Mati\u00e8re : ABS (Impression 3D)<\/li>\n<li>Etanch\u00e9it\u00e9 : R\u00e9sine<\/li>\n<\/ul>\n","protected":false},"featured_media":1592,"template":"","meta":{"site-sidebar-layout":"default","site-content-layout":"","ast-site-content-layout":"default","site-content-style":"default","site-sidebar-style":"default","ast-global-header-display":"","ast-banner-title-visibility":"","ast-main-header-display":"","ast-hfb-above-header-display":"","ast-hfb-below-header-display":"","ast-hfb-mobile-header-display":"","site-post-title":"","ast-breadcrumbs-content":"","ast-featured-img":"","footer-sml-layout":"","ast-disable-related-posts":"","theme-transparent-header-meta":"default","adv-header-id-meta":"","stick-header-meta":"","header-above-stick-meta":"","header-main-stick-meta":"","header-below-stick-meta":"","astra-migrate-meta-layouts":"set","ast-page-background-enabled":"default","ast-page-background-meta":{"desktop":{"background-color":"var(--ast-global-color-5)","background-image":"","background-repeat":"repeat","background-position":"center center","background-size":"auto","background-attachment":"scroll","background-type":"","background-media":"","overlay-type":"","overlay-color":"","overlay-opacity":"","overlay-gradient":""},"tablet":{"background-color":"","background-image":"","background-repeat":"repeat","background-position":"center center","background-size":"auto","background-attachment":"scroll","background-type":"","background-media":"","overlay-type":"","overlay-color":"","overlay-opacity":"","overlay-gradient":""},"mobile":{"background-color":"","background-image":"","background-repeat":"repeat","background-position":"center center","background-size":"auto","background-attachment":"scroll","background-type":"","background-media":"","overlay-type":"","overlay-color":"","overlay-opacity":"","overlay-gradient":""}},"ast-content-background-meta":{"desktop":{"background-color":"var(--ast-global-color-4)","background-image":"","background-repeat":"repeat","background-position":"center center","background-size":"auto","background-attachment":"scroll","background-type":"","background-media":"","overlay-type":"","overlay-color":"","overlay-opacity":"","overlay-gradient":""},"tablet":{"background-color":"var(--ast-global-color-4)","background-image":"","background-repeat":"repeat","background-position":"center center","background-size":"auto","background-attachment":"scroll","background-type":"","background-media":"","overlay-type":"","overlay-color":"","overlay-opacity":"","overlay-gradient":""},"mobile":{"background-color":"var(--ast-global-color-4)","background-image":"","background-repeat":"repeat","background-position":"center center","background-size":"auto","background-attachment":"scroll","background-type":"","background-media":"","overlay-type":"","overlay-color":"","overlay-opacity":"","overlay-gradient":""}}},"product_brand":[],"product_cat":[48],"product_tag":[],"class_list":{"0":"post-1597","1":"product","2":"type-product","3":"status-publish","4":"has-post-thumbnail","6":"product_cat-biopool","7":"desktop-align-left","8":"tablet-align-left","9":"mobile-align-left","11":"first","12":"onbackorder","13":"shipping-taxable","14":"purchasable","15":"product-type-simple"},"_links":{"self":[{"href":"https:\/\/macellule.fr\/index.php\/wp-json\/wp\/v2\/product\/1597","targetHints":{"allow":["GET"]}}],"collection":[{"href":"https:\/\/macellule.fr\/index.php\/wp-json\/wp\/v2\/product"}],"about":[{"href":"https:\/\/macellule.fr\/index.php\/wp-json\/wp\/v2\/types\/product"}],"wp:featuredmedia":[{"embeddable":true,"href":"https:\/\/macellule.fr\/index.php\/wp-json\/wp\/v2\/media\/1592"}],"wp:attachment":[{"href":"https:\/\/macellule.fr\/index.php\/wp-json\/wp\/v2\/media?parent=1597"}],"wp:term":[{"taxonomy":"product_brand","embeddable":true,"href":"https:\/\/macellule.fr\/index.php\/wp-json\/wp\/v2\/product_brand?post=1597"},{"taxonomy":"product_cat","embeddable":true,"href":"https:\/\/macellule.fr\/index.php\/wp-json\/wp\/v2\/product_cat?post=1597"},{"taxonomy":"product_tag","embeddable":true,"href":"https:\/\/macellule.fr\/index.php\/wp-json\/wp\/v2\/product_tag?post=1597"}],"curies":[{"name":"wp","href":"https:\/\/api.w.org\/{rel}","templated":true}]}}