{"id":1551,"date":"2026-02-24T15:30:26","date_gmt":"2026-02-24T15:30:26","guid":{"rendered":"https:\/\/macellule.fr\/?post_type=product&#038;p=1551"},"modified":"2026-03-18T15:05:04","modified_gmt":"2026-03-18T15:05:04","slug":"cellule-pour-electrolyseur-sterilor-system7-100-7-plaques-compatible","status":"publish","type":"product","link":"https:\/\/macellule.fr\/index.php\/product\/cellule-pour-electrolyseur-sterilor-system7-100-7-plaques-compatible\/","title":{"rendered":"Cellule pour \u00e9lectrolyseur St\u00e9rilor System7 100 \u2013 7 plaques (compatible)"},"content":{"rendered":"<h3>Cellule pour \u00e9lectrolyseur St\u00e9rilor\u00ae System7 100 \u2013 7 plaques (compatible)<\/h3>\n<ul>\n<li>Marque : St\u00e9rilor\u00ae (compatible)<\/li>\n<li>Mod\u00e8le : System7 100<\/li>\n<li>Nombre de plaques : 7<\/li>\n<li style=\"font-size: 16px;\">Dimensions des plaques : 110 x 60 mm<\/li>\n<li>Mati\u00e8re : Titane<\/li>\n<li>Rev\u00eatement : Ruth\u00e9nium \/ Iridium<\/li>\n<li>Cellule autonettoyante : oui<\/li>\n<li>Couvercle St\u00e9rilor\u00ae System7 (Compatible)<\/li>\n<li>Mati\u00e8re : ABS (Impression 3D)<\/li>\n<li>Etanch\u00e9it\u00e9 : R\u00e9sine<\/li>\n<\/ul>\n<h3>Cette cellule St\u00e9rilor System7\u00ae 100 <strong>pour \u00e9lectrolyseur est utilis\u00e9 sur le mat\u00e9riel ci-dessous :<\/strong><\/h3>\n<ul>\n<li>St\u00e9rilor Duo\u00ae 100<\/li>\n<li>Sel\u00ae 100<\/li>\n<li>7 Sel\u00ae 100<\/li>\n<\/ul>\n","protected":false},"excerpt":{"rendered":"<ul>\n<li>Marque : St\u00e9rilor\u00ae (compatible)<\/li>\n<li>Mod\u00e8le : System7 100<\/li>\n<li>Nombre de plaques : 7<\/li>\n<li style=\"font-size: 16px;\">Dimensions des plaques : 110 x 60mm<\/li>\n<li>Mati\u00e8re : Titane<\/li>\n<li>Rev\u00eatement : Ruth\u00e9nium \/ Iridium<\/li>\n<li>Cellule autonettoyante : oui<\/li>\n<li>Couvercle St\u00e9rilor\u00ae System7 (Compatible)<\/li>\n<li>Mati\u00e8re : ABS (Impression 3D)<\/li>\n<li>Etanch\u00e9it\u00e9 : R\u00e9sine<\/li>\n<\/ul>\n","protected":false},"featured_media":1595,"template":"","meta":{"site-sidebar-layout":"default","site-content-layout":"","ast-site-content-layout":"default","site-content-style":"default","site-sidebar-style":"default","ast-global-header-display":"","ast-banner-title-visibility":"","ast-main-header-display":"","ast-hfb-above-header-display":"","ast-hfb-below-header-display":"","ast-hfb-mobile-header-display":"","site-post-title":"","ast-breadcrumbs-content":"","ast-featured-img":"","footer-sml-layout":"","ast-disable-related-posts":"","theme-transparent-header-meta":"default","adv-header-id-meta":"","stick-header-meta":"","header-above-stick-meta":"","header-main-stick-meta":"","header-below-stick-meta":"","astra-migrate-meta-layouts":"set","ast-page-background-enabled":"default","ast-page-background-meta":{"desktop":{"background-color":"var(--ast-global-color-5)","background-image":"","background-repeat":"repeat","background-position":"center center","background-size":"auto","background-attachment":"scroll","background-type":"","background-media":"","overlay-type":"","overlay-color":"","overlay-opacity":"","overlay-gradient":""},"tablet":{"background-color":"","background-image":"","background-repeat":"repeat","background-position":"center center","background-size":"auto","background-attachment":"scroll","background-type":"","background-media":"","overlay-type":"","overlay-color":"","overlay-opacity":"","overlay-gradient":""},"mobile":{"background-color":"","background-image":"","background-repeat":"repeat","background-position":"center center","background-size":"auto","background-attachment":"scroll","background-type":"","background-media":"","overlay-type":"","overlay-color":"","overlay-opacity":"","overlay-gradient":""}},"ast-content-background-meta":{"desktop":{"background-color":"var(--ast-global-color-4)","background-image":"","background-repeat":"repeat","background-position":"center center","background-size":"auto","background-attachment":"scroll","background-type":"","background-media":"","overlay-type":"","overlay-color":"","overlay-opacity":"","overlay-gradient":""},"tablet":{"background-color":"var(--ast-global-color-4)","background-image":"","background-repeat":"repeat","background-position":"center center","background-size":"auto","background-attachment":"scroll","background-type":"","background-media":"","overlay-type":"","overlay-color":"","overlay-opacity":"","overlay-gradient":""},"mobile":{"background-color":"var(--ast-global-color-4)","background-image":"","background-repeat":"repeat","background-position":"center center","background-size":"auto","background-attachment":"scroll","background-type":"","background-media":"","overlay-type":"","overlay-color":"","overlay-opacity":"","overlay-gradient":""}}},"product_brand":[],"product_cat":[45],"product_tag":[],"class_list":{"0":"post-1551","1":"product","2":"type-product","3":"status-publish","4":"has-post-thumbnail","6":"product_cat-sterilor","7":"desktop-align-left","8":"tablet-align-left","9":"mobile-align-left","11":"first","12":"instock","13":"shipping-taxable","14":"purchasable","15":"product-type-simple"},"_links":{"self":[{"href":"https:\/\/macellule.fr\/index.php\/wp-json\/wp\/v2\/product\/1551","targetHints":{"allow":["GET"]}}],"collection":[{"href":"https:\/\/macellule.fr\/index.php\/wp-json\/wp\/v2\/product"}],"about":[{"href":"https:\/\/macellule.fr\/index.php\/wp-json\/wp\/v2\/types\/product"}],"wp:featuredmedia":[{"embeddable":true,"href":"https:\/\/macellule.fr\/index.php\/wp-json\/wp\/v2\/media\/1595"}],"wp:attachment":[{"href":"https:\/\/macellule.fr\/index.php\/wp-json\/wp\/v2\/media?parent=1551"}],"wp:term":[{"taxonomy":"product_brand","embeddable":true,"href":"https:\/\/macellule.fr\/index.php\/wp-json\/wp\/v2\/product_brand?post=1551"},{"taxonomy":"product_cat","embeddable":true,"href":"https:\/\/macellule.fr\/index.php\/wp-json\/wp\/v2\/product_cat?post=1551"},{"taxonomy":"product_tag","embeddable":true,"href":"https:\/\/macellule.fr\/index.php\/wp-json\/wp\/v2\/product_tag?post=1551"}],"curies":[{"name":"wp","href":"https:\/\/api.w.org\/{rel}","templated":true}]}}